{"id":471,"date":"2022-04-04T14:01:59","date_gmt":"2022-04-04T17:01:59","guid":{"rendered":"http:\/\/kifase.com.br\/a\/?post_type=product&#038;p=471"},"modified":"2022-04-10T21:41:37","modified_gmt":"2022-04-11T00:41:37","slug":"loren-shower-ultra-lorenzetti-copia","status":"publish","type":"product","link":"https:\/\/kifase.com.br\/a\/produto\/loren-shower-ultra-lorenzetti-copia\/","title":{"rendered":"Loren Shower Ultra &#8211; Lorenzetti"},"content":{"rendered":"<p>Resist\u00eancia Loren Ultra de longa dura\u00e7\u00e3o<br \/>\nCompat\u00edvel com aquecimento solar e outros sistemas de aquecimento.<br \/>\nHaste de comando: Controle de temperaturas ao alcance das m\u00e3os (uso opcional).<br \/>\nGrande espalhador: Maior \u00e1rea de banho.<br \/>\nComando eletr\u00f4nico: Ideal para todos os dias do ano, atrav\u00e9s de seu controle eletr\u00f4nico de temperaturas permite a sele\u00e7\u00e3o gradual e precisa da temperatura, simples como ajustar o volume do r\u00e1dio.<br \/>\nResist\u00eancia Loren Ultra: Exclusiva resist\u00eancia de alta performance e longa dura\u00e7\u00e3o em compara\u00e7\u00e3o \u00e0s resist\u00eancias comuns.<br \/>\nCompat\u00edvel com dispositivo de prote\u00e7\u00e3o DR*<br \/>\n*Dispositivo Diferencial Residual.<br \/>\n1 ano de garantia: Produto original Lorenzetti<br \/>\nTens\u00e3o (Volts)\u00a0 \u00a0 Pot\u00eancia (Watts)<br \/>\n127\u00a0 \u00a0 \u00a0 \u00a0 \u00a0 \u00a0 \u00a0 \u00a0 \u00a0 \u00a0 \u00a0 \u00a0 5500<br \/>\n220\u00a0 \u00a0 \u00a0 \u00a0 \u00a0 \u00a0 \u00a0 \u00a0 \u00a0 \u00a0 \u00a0 \u00a06800<br \/>\n220\u00a0 \u00a0 \u00a0 \u00a0 \u00a0 \u00a0 \u00a0 \u00a0 \u00a0 \u00a0 \u00a0 \u00a07500<\/p>\n","protected":false},"excerpt":{"rendered":"<p>Resist\u00eancia Loren Ultra de longa dura\u00e7\u00e3o<br \/>\nCompat\u00edvel com aquecimento solar e outros sistemas de aquecimento.<br \/>\nHaste de comando: Controle de temperaturas ao alcance das m\u00e3os (uso opcional).<br \/>\nGrande espalhador: Maior \u00e1rea de banho.<br \/>\nComando eletr\u00f4nico: Ideal para todos os dias do ano, atrav\u00e9s de seu controle eletr\u00f4nico de temperaturas permite a sele\u00e7\u00e3o gradual e precisa da temperatura, simples como ajustar o volume do r\u00e1dio.<br \/>\nResist\u00eancia Loren Ultra: Exclusiva resist\u00eancia de alta performance e longa dura\u00e7\u00e3o em compara\u00e7\u00e3o \u00e0s resist\u00eancias comuns.<br \/>\nCompat\u00edvel com dispositivo de prote\u00e7\u00e3o DR*<br \/>\n*Dispositivo Diferencial Residual.<br \/>\n1 ano de garantia: Produto original Lorenzetti<\/p>\n","protected":false},"featured_media":465,"comment_status":"open","ping_status":"closed","template":"","meta":[],"product_cat":[25,42],"product_tag":[],"class_list":["post-471","product","type-product","status-publish","has-post-thumbnail","hentry","product_cat-chuveiros","product_cat-loren-shower"],"yoast_head":"<!-- This site is optimized with the Yoast SEO plugin v20.1 - https:\/\/yoast.com\/wordpress\/plugins\/seo\/ -->\n<title>Loren Shower Ultra - Lorenzetti - Kifase Materiais El\u00e9tricos<\/title>\n<meta name=\"robots\" content=\"index, follow, max-snippet:-1, max-image-preview:large, max-video-preview:-1\" \/>\n<link rel=\"canonical\" href=\"https:\/\/kifase.com.br\/a\/produto\/loren-shower-ultra-lorenzetti-copia\/\" \/>\n<meta property=\"og:locale\" content=\"pt_BR\" \/>\n<meta property=\"og:type\" content=\"article\" \/>\n<meta property=\"og:title\" content=\"Loren Shower Ultra - Lorenzetti - Kifase Materiais El\u00e9tricos\" \/>\n<meta property=\"og:description\" content=\"Resist\u00eancia Loren Ultra de longa dura\u00e7\u00e3o Compat\u00edvel com aquecimento solar e outros sistemas de aquecimento. Haste de comando: Controle de temperaturas ao alcance das m\u00e3os (uso opcional). Grande espalhador: Maior \u00e1rea de banho. Comando eletr\u00f4nico: Ideal para todos os dias do ano, atrav\u00e9s de seu controle eletr\u00f4nico de temperaturas permite a sele\u00e7\u00e3o gradual e precisa da temperatura, simples como ajustar o volume do r\u00e1dio. Resist\u00eancia Loren Ultra: Exclusiva resist\u00eancia de alta performance e longa dura\u00e7\u00e3o em compara\u00e7\u00e3o \u00e0s resist\u00eancias comuns. Compat\u00edvel com dispositivo de prote\u00e7\u00e3o DR* *Dispositivo Diferencial Residual. 1 ano de garantia: Produto original Lorenzetti\" \/>\n<meta property=\"og:url\" content=\"https:\/\/kifase.com.br\/a\/produto\/loren-shower-ultra-lorenzetti-copia\/\" \/>\n<meta property=\"og:site_name\" content=\"Kifase Materiais El\u00e9tricos\" \/>\n<meta property=\"article:publisher\" content=\"https:\/\/www.facebook.com\/kifaseloja\" \/>\n<meta property=\"article:modified_time\" content=\"2022-04-11T00:41:37+00:00\" \/>\n<meta property=\"og:image\" content=\"https:\/\/kifase.com.br\/a\/wp-content\/uploads\/2022\/03\/loren-shower-eletronico-amb.jpg\" \/>\n\t<meta property=\"og:image:width\" content=\"1000\" \/>\n\t<meta property=\"og:image:height\" content=\"1000\" \/>\n\t<meta property=\"og:image:type\" content=\"image\/jpeg\" \/>\n<meta name=\"twitter:card\" content=\"summary_large_image\" \/>\n<meta name=\"twitter:label1\" content=\"Est. tempo de leitura\" \/>\n\t<meta name=\"twitter:data1\" content=\"1 minuto\" \/>\n<script type=\"application\/ld+json\" class=\"yoast-schema-graph\">{\"@context\":\"https:\/\/schema.org\",\"@graph\":[{\"@type\":\"WebPage\",\"@id\":\"https:\/\/kifase.com.br\/a\/produto\/loren-shower-ultra-lorenzetti-copia\/\",\"url\":\"https:\/\/kifase.com.br\/a\/produto\/loren-shower-ultra-lorenzetti-copia\/\",\"name\":\"Loren Shower Ultra - Lorenzetti - Kifase Materiais El\u00e9tricos\",\"isPartOf\":{\"@id\":\"https:\/\/kifase.com.br\/a\/#website\"},\"datePublished\":\"2022-04-04T17:01:59+00:00\",\"dateModified\":\"2022-04-11T00:41:37+00:00\",\"breadcrumb\":{\"@id\":\"https:\/\/kifase.com.br\/a\/produto\/loren-shower-ultra-lorenzetti-copia\/#breadcrumb\"},\"inLanguage\":\"pt-BR\",\"potentialAction\":[{\"@type\":\"ReadAction\",\"target\":[\"https:\/\/kifase.com.br\/a\/produto\/loren-shower-ultra-lorenzetti-copia\/\"]}]},{\"@type\":\"BreadcrumbList\",\"@id\":\"https:\/\/kifase.com.br\/a\/produto\/loren-shower-ultra-lorenzetti-copia\/#breadcrumb\",\"itemListElement\":[{\"@type\":\"ListItem\",\"position\":1,\"name\":\"In\u00edcio\",\"item\":\"https:\/\/kifase.com.br\/a\/\"},{\"@type\":\"ListItem\",\"position\":2,\"name\":\"Loja\",\"item\":\"https:\/\/kifase.com.br\/a\/loja\/\"},{\"@type\":\"ListItem\",\"position\":3,\"name\":\"Loren Shower Ultra &#8211; Lorenzetti\"}]},{\"@type\":\"WebSite\",\"@id\":\"https:\/\/kifase.com.br\/a\/#website\",\"url\":\"https:\/\/kifase.com.br\/a\/\",\"name\":\"Kifase Materiais El\u00e9tricos\",\"description\":\"Materiais el\u00e9tricos, ilumina\u00e7\u00e3o, ferramentas e utilidades.\",\"publisher\":{\"@id\":\"https:\/\/kifase.com.br\/a\/#organization\"},\"potentialAction\":[{\"@type\":\"SearchAction\",\"target\":{\"@type\":\"EntryPoint\",\"urlTemplate\":\"https:\/\/kifase.com.br\/a\/?s={search_term_string}\"},\"query-input\":\"required name=search_term_string\"}],\"inLanguage\":\"pt-BR\"},{\"@type\":\"Organization\",\"@id\":\"https:\/\/kifase.com.br\/a\/#organization\",\"name\":\"Kifase Materiais El\u00e9tricos\",\"url\":\"https:\/\/kifase.com.br\/a\/\",\"logo\":{\"@type\":\"ImageObject\",\"inLanguage\":\"pt-BR\",\"@id\":\"https:\/\/kifase.com.br\/a\/#\/schema\/logo\/image\/\",\"url\":\"https:\/\/kifase.com.br\/a\/wp-content\/uploads\/2022\/03\/kisafe-.jpg\",\"contentUrl\":\"https:\/\/kifase.com.br\/a\/wp-content\/uploads\/2022\/03\/kisafe-.jpg\",\"width\":339,\"height\":105,\"caption\":\"Kifase Materiais El\u00e9tricos\"},\"image\":{\"@id\":\"https:\/\/kifase.com.br\/a\/#\/schema\/logo\/image\/\"},\"sameAs\":[\"https:\/\/www.facebook.com\/kifaseloja\",\"https:\/\/www.instagram.com\/kifasemat.e\"]}]}<\/script>\n<!-- \/ Yoast SEO plugin. -->","yoast_head_json":{"title":"Loren Shower Ultra - Lorenzetti - Kifase Materiais El\u00e9tricos","robots":{"index":"index","follow":"follow","max-snippet":"max-snippet:-1","max-image-preview":"max-image-preview:large","max-video-preview":"max-video-preview:-1"},"canonical":"https:\/\/kifase.com.br\/a\/produto\/loren-shower-ultra-lorenzetti-copia\/","og_locale":"pt_BR","og_type":"article","og_title":"Loren Shower Ultra - Lorenzetti - Kifase Materiais El\u00e9tricos","og_description":"Resist\u00eancia Loren Ultra de longa dura\u00e7\u00e3o Compat\u00edvel com aquecimento solar e outros sistemas de aquecimento. Haste de comando: Controle de temperaturas ao alcance das m\u00e3os (uso opcional). Grande espalhador: Maior \u00e1rea de banho. Comando eletr\u00f4nico: Ideal para todos os dias do ano, atrav\u00e9s de seu controle eletr\u00f4nico de temperaturas permite a sele\u00e7\u00e3o gradual e precisa da temperatura, simples como ajustar o volume do r\u00e1dio. Resist\u00eancia Loren Ultra: Exclusiva resist\u00eancia de alta performance e longa dura\u00e7\u00e3o em compara\u00e7\u00e3o \u00e0s resist\u00eancias comuns. Compat\u00edvel com dispositivo de prote\u00e7\u00e3o DR* *Dispositivo Diferencial Residual. 1 ano de garantia: Produto original Lorenzetti","og_url":"https:\/\/kifase.com.br\/a\/produto\/loren-shower-ultra-lorenzetti-copia\/","og_site_name":"Kifase Materiais El\u00e9tricos","article_publisher":"https:\/\/www.facebook.com\/kifaseloja","article_modified_time":"2022-04-11T00:41:37+00:00","og_image":[{"width":1000,"height":1000,"url":"https:\/\/kifase.com.br\/a\/wp-content\/uploads\/2022\/03\/loren-shower-eletronico-amb.jpg","type":"image\/jpeg"}],"twitter_card":"summary_large_image","twitter_misc":{"Est. tempo de leitura":"1 minuto"},"schema":{"@context":"https:\/\/schema.org","@graph":[{"@type":"WebPage","@id":"https:\/\/kifase.com.br\/a\/produto\/loren-shower-ultra-lorenzetti-copia\/","url":"https:\/\/kifase.com.br\/a\/produto\/loren-shower-ultra-lorenzetti-copia\/","name":"Loren Shower Ultra - Lorenzetti - Kifase Materiais El\u00e9tricos","isPartOf":{"@id":"https:\/\/kifase.com.br\/a\/#website"},"datePublished":"2022-04-04T17:01:59+00:00","dateModified":"2022-04-11T00:41:37+00:00","breadcrumb":{"@id":"https:\/\/kifase.com.br\/a\/produto\/loren-shower-ultra-lorenzetti-copia\/#breadcrumb"},"inLanguage":"pt-BR","potentialAction":[{"@type":"ReadAction","target":["https:\/\/kifase.com.br\/a\/produto\/loren-shower-ultra-lorenzetti-copia\/"]}]},{"@type":"BreadcrumbList","@id":"https:\/\/kifase.com.br\/a\/produto\/loren-shower-ultra-lorenzetti-copia\/#breadcrumb","itemListElement":[{"@type":"ListItem","position":1,"name":"In\u00edcio","item":"https:\/\/kifase.com.br\/a\/"},{"@type":"ListItem","position":2,"name":"Loja","item":"https:\/\/kifase.com.br\/a\/loja\/"},{"@type":"ListItem","position":3,"name":"Loren Shower Ultra &#8211; Lorenzetti"}]},{"@type":"WebSite","@id":"https:\/\/kifase.com.br\/a\/#website","url":"https:\/\/kifase.com.br\/a\/","name":"Kifase Materiais El\u00e9tricos","description":"Materiais el\u00e9tricos, ilumina\u00e7\u00e3o, ferramentas e utilidades.","publisher":{"@id":"https:\/\/kifase.com.br\/a\/#organization"},"potentialAction":[{"@type":"SearchAction","target":{"@type":"EntryPoint","urlTemplate":"https:\/\/kifase.com.br\/a\/?s={search_term_string}"},"query-input":"required name=search_term_string"}],"inLanguage":"pt-BR"},{"@type":"Organization","@id":"https:\/\/kifase.com.br\/a\/#organization","name":"Kifase Materiais El\u00e9tricos","url":"https:\/\/kifase.com.br\/a\/","logo":{"@type":"ImageObject","inLanguage":"pt-BR","@id":"https:\/\/kifase.com.br\/a\/#\/schema\/logo\/image\/","url":"https:\/\/kifase.com.br\/a\/wp-content\/uploads\/2022\/03\/kisafe-.jpg","contentUrl":"https:\/\/kifase.com.br\/a\/wp-content\/uploads\/2022\/03\/kisafe-.jpg","width":339,"height":105,"caption":"Kifase Materiais El\u00e9tricos"},"image":{"@id":"https:\/\/kifase.com.br\/a\/#\/schema\/logo\/image\/"},"sameAs":["https:\/\/www.facebook.com\/kifaseloja","https:\/\/www.instagram.com\/kifasemat.e"]}]}},"_links":{"self":[{"href":"https:\/\/kifase.com.br\/a\/wp-json\/wp\/v2\/product\/471","targetHints":{"allow":["GET"]}}],"collection":[{"href":"https:\/\/kifase.com.br\/a\/wp-json\/wp\/v2\/product"}],"about":[{"href":"https:\/\/kifase.com.br\/a\/wp-json\/wp\/v2\/types\/product"}],"replies":[{"embeddable":true,"href":"https:\/\/kifase.com.br\/a\/wp-json\/wp\/v2\/comments?post=471"}],"version-history":[{"count":4,"href":"https:\/\/kifase.com.br\/a\/wp-json\/wp\/v2\/product\/471\/revisions"}],"predecessor-version":[{"id":514,"href":"https:\/\/kifase.com.br\/a\/wp-json\/wp\/v2\/product\/471\/revisions\/514"}],"wp:featuredmedia":[{"embeddable":true,"href":"https:\/\/kifase.com.br\/a\/wp-json\/wp\/v2\/media\/465"}],"wp:attachment":[{"href":"https:\/\/kifase.com.br\/a\/wp-json\/wp\/v2\/media?parent=471"}],"wp:term":[{"taxonomy":"product_cat","embeddable":true,"href":"https:\/\/kifase.com.br\/a\/wp-json\/wp\/v2\/product_cat?post=471"},{"taxonomy":"product_tag","embeddable":true,"href":"https:\/\/kifase.com.br\/a\/wp-json\/wp\/v2\/product_tag?post=471"}],"curies":[{"name":"wp","href":"https:\/\/api.w.org\/{rel}","templated":true}]}}