{"id":931,"date":"2022-05-19T20:26:22","date_gmt":"2022-05-19T23:26:22","guid":{"rendered":"https:\/\/kifase.com.br\/a\/?post_type=product&#038;p=931"},"modified":"2022-05-19T20:30:55","modified_gmt":"2022-05-19T23:30:55","slug":"refletor-slim-led-30w-avant-luz-verde","status":"publish","type":"product","link":"https:\/\/kifase.com.br\/a\/produto\/refletor-slim-led-30w-avant-luz-verde\/","title":{"rendered":"Refletor Slim Led 30w &#8211; Avant (Luz Verde)"},"content":{"rendered":"<p>O melhor da tecnologia LED combinado \u00e0 alta resist\u00eancia para trazer ao consumidor refletores robustos e com alto poder de ilumina\u00e7\u00e3o<br \/>\n* Caracter\u00edsticas T\u00e9cnicas:<br \/>\n&#8211; Pot\u00eancia: 30w<br \/>\n&#8211; Temperatura ambiente: -15\u00b0C a 40\u00b0C.<br \/>\n&#8211; Tens\u00e3o nominal: 100V a 240V.<br \/>\n&#8211; Vida \u00fatil: 25.000h<br \/>\n&#8211; Grau de Prote\u00e7\u00e3o: IP65<br \/>\n&#8211; Cor: Preto<br \/>\n&#8211; Composi\u00e7\u00e3o: Alum\u00ednio e Vidro<\/p>\n","protected":false},"excerpt":{"rendered":"<p>O melhor da tecnologia LED combinado \u00e0 alta resist\u00eancia para trazer ao consumidor refletores robustos e com alto poder de ilumina\u00e7\u00e3o<br \/>\n* Caracter\u00edsticas T\u00e9cnicas:<br \/>\n&#8211; Pot\u00eancia: 30w<br \/>\n&#8211; Temperatura ambiente: -15\u00b0C a 40\u00b0C.<br \/>\n&#8211; Tens\u00e3o nominal: 100V a 240V.<br \/>\n&#8211; Vida \u00fatil: 25.000h<br \/>\n&#8211; Grau de Prote\u00e7\u00e3o: IP65<br \/>\n&#8211; Cor: Preto<br \/>\n&#8211; Composi\u00e7\u00e3o: Alum\u00ednio e Vidro<\/p>\n","protected":false},"featured_media":932,"comment_status":"open","ping_status":"closed","template":"","meta":[],"product_cat":[23,35],"product_tag":[],"class_list":["post-931","product","type-product","status-publish","has-post-thumbnail","hentry","product_cat-iluminacao","product_cat-refletores"],"yoast_head":"<!-- This site is optimized with the Yoast SEO plugin v20.1 - https:\/\/yoast.com\/wordpress\/plugins\/seo\/ -->\n<title>Refletor Slim Led 30w - Avant (Luz Verde) - Kifase Materiais El\u00e9tricos<\/title>\n<meta name=\"robots\" content=\"index, follow, max-snippet:-1, max-image-preview:large, max-video-preview:-1\" \/>\n<link rel=\"canonical\" href=\"https:\/\/kifase.com.br\/a\/produto\/refletor-slim-led-30w-avant-luz-verde\/\" \/>\n<meta property=\"og:locale\" content=\"pt_BR\" \/>\n<meta property=\"og:type\" content=\"article\" \/>\n<meta property=\"og:title\" content=\"Refletor Slim Led 30w - Avant (Luz Verde) - Kifase Materiais El\u00e9tricos\" \/>\n<meta property=\"og:description\" content=\"O melhor da tecnologia LED combinado \u00e0 alta resist\u00eancia para trazer ao consumidor refletores robustos e com alto poder de ilumina\u00e7\u00e3o * Caracter\u00edsticas T\u00e9cnicas: - Pot\u00eancia: 30w - Temperatura ambiente: -15\u00b0C a 40\u00b0C. - Tens\u00e3o nominal: 100V a 240V. - Vida \u00fatil: 25.000h - Grau de Prote\u00e7\u00e3o: IP65 - Cor: Preto - Composi\u00e7\u00e3o: Alum\u00ednio e Vidro\" \/>\n<meta property=\"og:url\" content=\"https:\/\/kifase.com.br\/a\/produto\/refletor-slim-led-30w-avant-luz-verde\/\" \/>\n<meta property=\"og:site_name\" content=\"Kifase Materiais El\u00e9tricos\" \/>\n<meta property=\"article:publisher\" content=\"https:\/\/www.facebook.com\/kifaseloja\" \/>\n<meta property=\"article:modified_time\" content=\"2022-05-19T23:30:55+00:00\" \/>\n<meta property=\"og:image\" content=\"https:\/\/kifase.com.br\/a\/wp-content\/uploads\/2022\/05\/refletor30verde.jpg\" \/>\n\t<meta property=\"og:image:width\" content=\"827\" \/>\n\t<meta property=\"og:image:height\" content=\"827\" \/>\n\t<meta property=\"og:image:type\" content=\"image\/jpeg\" \/>\n<meta name=\"twitter:card\" content=\"summary_large_image\" \/>\n<script type=\"application\/ld+json\" class=\"yoast-schema-graph\">{\"@context\":\"https:\/\/schema.org\",\"@graph\":[{\"@type\":\"WebPage\",\"@id\":\"https:\/\/kifase.com.br\/a\/produto\/refletor-slim-led-30w-avant-luz-verde\/\",\"url\":\"https:\/\/kifase.com.br\/a\/produto\/refletor-slim-led-30w-avant-luz-verde\/\",\"name\":\"Refletor Slim Led 30w - Avant (Luz Verde) - Kifase Materiais El\u00e9tricos\",\"isPartOf\":{\"@id\":\"https:\/\/kifase.com.br\/a\/#website\"},\"datePublished\":\"2022-05-19T23:26:22+00:00\",\"dateModified\":\"2022-05-19T23:30:55+00:00\",\"breadcrumb\":{\"@id\":\"https:\/\/kifase.com.br\/a\/produto\/refletor-slim-led-30w-avant-luz-verde\/#breadcrumb\"},\"inLanguage\":\"pt-BR\",\"potentialAction\":[{\"@type\":\"ReadAction\",\"target\":[\"https:\/\/kifase.com.br\/a\/produto\/refletor-slim-led-30w-avant-luz-verde\/\"]}]},{\"@type\":\"BreadcrumbList\",\"@id\":\"https:\/\/kifase.com.br\/a\/produto\/refletor-slim-led-30w-avant-luz-verde\/#breadcrumb\",\"itemListElement\":[{\"@type\":\"ListItem\",\"position\":1,\"name\":\"In\u00edcio\",\"item\":\"https:\/\/kifase.com.br\/a\/\"},{\"@type\":\"ListItem\",\"position\":2,\"name\":\"Loja\",\"item\":\"https:\/\/kifase.com.br\/a\/loja\/\"},{\"@type\":\"ListItem\",\"position\":3,\"name\":\"Refletor Slim Led 30w &#8211; Avant (Luz Verde)\"}]},{\"@type\":\"WebSite\",\"@id\":\"https:\/\/kifase.com.br\/a\/#website\",\"url\":\"https:\/\/kifase.com.br\/a\/\",\"name\":\"Kifase Materiais El\u00e9tricos\",\"description\":\"Materiais el\u00e9tricos, ilumina\u00e7\u00e3o, ferramentas e utilidades.\",\"publisher\":{\"@id\":\"https:\/\/kifase.com.br\/a\/#organization\"},\"potentialAction\":[{\"@type\":\"SearchAction\",\"target\":{\"@type\":\"EntryPoint\",\"urlTemplate\":\"https:\/\/kifase.com.br\/a\/?s={search_term_string}\"},\"query-input\":\"required name=search_term_string\"}],\"inLanguage\":\"pt-BR\"},{\"@type\":\"Organization\",\"@id\":\"https:\/\/kifase.com.br\/a\/#organization\",\"name\":\"Kifase Materiais El\u00e9tricos\",\"url\":\"https:\/\/kifase.com.br\/a\/\",\"logo\":{\"@type\":\"ImageObject\",\"inLanguage\":\"pt-BR\",\"@id\":\"https:\/\/kifase.com.br\/a\/#\/schema\/logo\/image\/\",\"url\":\"https:\/\/kifase.com.br\/a\/wp-content\/uploads\/2022\/03\/kisafe-.jpg\",\"contentUrl\":\"https:\/\/kifase.com.br\/a\/wp-content\/uploads\/2022\/03\/kisafe-.jpg\",\"width\":339,\"height\":105,\"caption\":\"Kifase Materiais El\u00e9tricos\"},\"image\":{\"@id\":\"https:\/\/kifase.com.br\/a\/#\/schema\/logo\/image\/\"},\"sameAs\":[\"https:\/\/www.facebook.com\/kifaseloja\",\"https:\/\/www.instagram.com\/kifasemat.e\"]}]}<\/script>\n<!-- \/ Yoast SEO plugin. -->","yoast_head_json":{"title":"Refletor Slim Led 30w - Avant (Luz Verde) - Kifase Materiais El\u00e9tricos","robots":{"index":"index","follow":"follow","max-snippet":"max-snippet:-1","max-image-preview":"max-image-preview:large","max-video-preview":"max-video-preview:-1"},"canonical":"https:\/\/kifase.com.br\/a\/produto\/refletor-slim-led-30w-avant-luz-verde\/","og_locale":"pt_BR","og_type":"article","og_title":"Refletor Slim Led 30w - Avant (Luz Verde) - Kifase Materiais El\u00e9tricos","og_description":"O melhor da tecnologia LED combinado \u00e0 alta resist\u00eancia para trazer ao consumidor refletores robustos e com alto poder de ilumina\u00e7\u00e3o * Caracter\u00edsticas T\u00e9cnicas: - Pot\u00eancia: 30w - Temperatura ambiente: -15\u00b0C a 40\u00b0C. - Tens\u00e3o nominal: 100V a 240V. - Vida \u00fatil: 25.000h - Grau de Prote\u00e7\u00e3o: IP65 - Cor: Preto - Composi\u00e7\u00e3o: Alum\u00ednio e Vidro","og_url":"https:\/\/kifase.com.br\/a\/produto\/refletor-slim-led-30w-avant-luz-verde\/","og_site_name":"Kifase Materiais El\u00e9tricos","article_publisher":"https:\/\/www.facebook.com\/kifaseloja","article_modified_time":"2022-05-19T23:30:55+00:00","og_image":[{"width":827,"height":827,"url":"https:\/\/kifase.com.br\/a\/wp-content\/uploads\/2022\/05\/refletor30verde.jpg","type":"image\/jpeg"}],"twitter_card":"summary_large_image","schema":{"@context":"https:\/\/schema.org","@graph":[{"@type":"WebPage","@id":"https:\/\/kifase.com.br\/a\/produto\/refletor-slim-led-30w-avant-luz-verde\/","url":"https:\/\/kifase.com.br\/a\/produto\/refletor-slim-led-30w-avant-luz-verde\/","name":"Refletor Slim Led 30w - Avant (Luz Verde) - Kifase Materiais El\u00e9tricos","isPartOf":{"@id":"https:\/\/kifase.com.br\/a\/#website"},"datePublished":"2022-05-19T23:26:22+00:00","dateModified":"2022-05-19T23:30:55+00:00","breadcrumb":{"@id":"https:\/\/kifase.com.br\/a\/produto\/refletor-slim-led-30w-avant-luz-verde\/#breadcrumb"},"inLanguage":"pt-BR","potentialAction":[{"@type":"ReadAction","target":["https:\/\/kifase.com.br\/a\/produto\/refletor-slim-led-30w-avant-luz-verde\/"]}]},{"@type":"BreadcrumbList","@id":"https:\/\/kifase.com.br\/a\/produto\/refletor-slim-led-30w-avant-luz-verde\/#breadcrumb","itemListElement":[{"@type":"ListItem","position":1,"name":"In\u00edcio","item":"https:\/\/kifase.com.br\/a\/"},{"@type":"ListItem","position":2,"name":"Loja","item":"https:\/\/kifase.com.br\/a\/loja\/"},{"@type":"ListItem","position":3,"name":"Refletor Slim Led 30w &#8211; Avant (Luz Verde)"}]},{"@type":"WebSite","@id":"https:\/\/kifase.com.br\/a\/#website","url":"https:\/\/kifase.com.br\/a\/","name":"Kifase Materiais El\u00e9tricos","description":"Materiais el\u00e9tricos, ilumina\u00e7\u00e3o, ferramentas e utilidades.","publisher":{"@id":"https:\/\/kifase.com.br\/a\/#organization"},"potentialAction":[{"@type":"SearchAction","target":{"@type":"EntryPoint","urlTemplate":"https:\/\/kifase.com.br\/a\/?s={search_term_string}"},"query-input":"required name=search_term_string"}],"inLanguage":"pt-BR"},{"@type":"Organization","@id":"https:\/\/kifase.com.br\/a\/#organization","name":"Kifase Materiais El\u00e9tricos","url":"https:\/\/kifase.com.br\/a\/","logo":{"@type":"ImageObject","inLanguage":"pt-BR","@id":"https:\/\/kifase.com.br\/a\/#\/schema\/logo\/image\/","url":"https:\/\/kifase.com.br\/a\/wp-content\/uploads\/2022\/03\/kisafe-.jpg","contentUrl":"https:\/\/kifase.com.br\/a\/wp-content\/uploads\/2022\/03\/kisafe-.jpg","width":339,"height":105,"caption":"Kifase Materiais El\u00e9tricos"},"image":{"@id":"https:\/\/kifase.com.br\/a\/#\/schema\/logo\/image\/"},"sameAs":["https:\/\/www.facebook.com\/kifaseloja","https:\/\/www.instagram.com\/kifasemat.e"]}]}},"_links":{"self":[{"href":"https:\/\/kifase.com.br\/a\/wp-json\/wp\/v2\/product\/931","targetHints":{"allow":["GET"]}}],"collection":[{"href":"https:\/\/kifase.com.br\/a\/wp-json\/wp\/v2\/product"}],"about":[{"href":"https:\/\/kifase.com.br\/a\/wp-json\/wp\/v2\/types\/product"}],"replies":[{"embeddable":true,"href":"https:\/\/kifase.com.br\/a\/wp-json\/wp\/v2\/comments?post=931"}],"version-history":[{"count":1,"href":"https:\/\/kifase.com.br\/a\/wp-json\/wp\/v2\/product\/931\/revisions"}],"predecessor-version":[{"id":933,"href":"https:\/\/kifase.com.br\/a\/wp-json\/wp\/v2\/product\/931\/revisions\/933"}],"wp:featuredmedia":[{"embeddable":true,"href":"https:\/\/kifase.com.br\/a\/wp-json\/wp\/v2\/media\/932"}],"wp:attachment":[{"href":"https:\/\/kifase.com.br\/a\/wp-json\/wp\/v2\/media?parent=931"}],"wp:term":[{"taxonomy":"product_cat","embeddable":true,"href":"https:\/\/kifase.com.br\/a\/wp-json\/wp\/v2\/product_cat?post=931"},{"taxonomy":"product_tag","embeddable":true,"href":"https:\/\/kifase.com.br\/a\/wp-json\/wp\/v2\/product_tag?post=931"}],"curies":[{"name":"wp","href":"https:\/\/api.w.org\/{rel}","templated":true}]}}